of 4 and a.
2
Suppose 4*x + 76 = 6*x. Calculate the highest common divisor of 95 and x.
19
Suppose -8 = 2*a - 6*a. Let f be (-24)/16 - a/4. Let h be (f + -110)/(-2) + -1. Calculate the greatest common factor of 22 and h.
11
Let q be (-21)/2*16/(-12). Suppose -2*k - 26 = 3*l, 3*l + 14 = -k - 14. Let v = q - l. Calculate the greatest common divisor of 168 and v.
24
Let j(r) = -r**3 - 8*r**2 - 7*r + 5. Let v(i) = -i**2 - 5*i - 1. Let q be v(-6). Let c be j(q). Calculate the highest common factor of 5 and c.
5
Let d be (-2)/(-3) + 152/6. Let s = 75 + -130. Let u = 120 + s. What is the greatest common factor of d and u?
13
Let j(z) = -81*z**2 + 24*z + 39. Let a(b) = 23*b**2 - 7*b - 11. Let d(s) = 18*a(s) + 5*j(s). Let u be d(-4). What is the highest common factor of u and 15?
15
Let k(p) = -p**3 - 2*p**2 + 5*p - 3. Let a be k(-4). What is the highest common divisor of a and 27?
9
Let r(f) = -f**2 + 7*f - 1. Let d be r(6). Suppose d*o = 110 - 30. Let g be 2 + o + 0/(-2). What is the highest common divisor of g and 198?
18
Suppose -90 = r - 7*r. What is the greatest common factor of r and 6?
3
Suppose -2*y - 10 = -n, 0 = -7*n + 4*n - y + 2. Let d(h) = -h**3 - 2*h**2 + 1. Let g be d(-3). What is the greatest common divisor of n and g?
2
Suppose c = -2, 5*t - 4 = -3*c - 0*c. Suppose t*a - 7 = 17. Suppose 0 = 3*v + 3*u - 327, u - 2 = -1. What is the highest common factor of a and v?
12
Let b be (2/(-2))/(2/(-102)). Let i = -31 - -65. What is the highest common factor of b and i?
17
Let g be (-39)/(-15) - (2/(-5) + 0). Calculate the greatest common divisor of g and 2.
1
Suppose 5*v - 20 = v. Suppose -v*b = -50 - 90. Suppose 4*f + 8 = 6*f. Calculate the highest common factor of f and b.
4
Let i = 2 - 7. Let y = 5 + i. Let l = y + 3. Calculate the highest common divisor of l and 3.
3
Let d = -141 + 271. Calculate the greatest common factor of 10 and d.
10
Let i be ((-78)/8 - 0)/((-3)/8). What is the greatest common factor of i and 39?
13
Let t be 5*1/(20/16). Suppose -t*j = -137 + 9. Calculate the greatest common factor of j and 8.
8
Suppose 7 = -5*c + 42. What is the highest common divisor of c and 28?
7
Suppose 153 = 3*b - 3*f - 309, -4*f = -3*b + 462. Let m(o) = -2*o - 5*o + 4*o + 2. Let l be m(-4). Calculate the highest common divisor of l and b.
14
Suppose -4*h + 6*h = 16. Let w = h - 2. Calculate the greatest common factor of 24 and w.
6
Suppose 5*n - 2*x + 117 = 620, n - 83 = -4*x. Calculate the greatest common factor of n and 9.
9
Let w(n) = -n**2 - 24*n - 47. Let o be w(-7). Calculate the highest common factor of 32 and o.
8
Let c be ((-10)/(-15))/((-2)/(-18)). Let g be 3/2*80/c. What is the highest common divisor of g and 10?
10
Suppose 0 = 17*a - 12*a - 110. Let x be ((-66)/8)/((-3)/16). Calculate the greatest common divisor of a and x.
22
Suppose 4*z + 4 = 2*u + 3*z, 2*u = 3*z - 4. Calculate the greatest common factor of u and 2.
2
Suppose -b = b + 2*o - 12, -3*o = b - 14. Suppose 44 = b*z - 20. Calculate the highest common factor of z and 16.
16
Let b = -56 + 119. Suppose -y - 3*y + 72 = -4*m, 5*m = 15. Calculate the highest common divisor of y and b.
21
Suppose 0 = -2*i + 3*i + 2. Let h be ((-3)/i)/(2/28). Let w = -2 + 16. What is the highest common divisor of h and w?
7
Let s(m) = m**2 + 15*m + 47. Let f be s(-14). Calculate the greatest common factor of f and 143.
11
Let k be (-2 - 1)*(-116)/12. What is the greatest common factor of 145 and k?
29
Let n(w) = -w**2 + 13*w + 2. Let z be n(12). Let p = 5 - -5. Let o = p + 18. Calculate the greatest common divisor of z and o.
14
Suppose 0 = -b + 2 + 22. Let n = -7 + b. Calculate the highest common divisor of n and 68.
17
Suppose 5*u - 18 = -3. Suppose 3*s - 66 = -4*k, u*k + k - 30 = -s. What is the highest common factor of 6 and s?
6
Let h = -53 + 85. Calculate the highest common factor of h and 32.
32
Let n(y) = y**2. Let d be n(-4). Let o(q) = 2*q**2 + 2*q - 2*q - 3*q - 1. Let t be o(3). What is the greatest common factor of d and t?
8
Let y be 111 + (0 - 9)/3. Suppose -r - 1 = 67. Let h = y + r. Calculate the greatest common divisor of h and 20.
20
Suppose r + 10 = 3*v + 2*r, -3*r = 4*v - 5. Suppose 3*s = 4*k + 14, v*s = -3*k + 3 + 59. Calculate the highest common divisor of s and 40.
10
Let a be 186/8 - 7/28. What is the greatest common factor of 1 and a?
1
Let i be 2 + (3 - 2 - 0). Suppose 0 = i*z + 3*g - 24 - 39, 0 = -5*z + 4*g + 78. What is the highest common factor of z and 12?
6
Suppose 24 = p + 2. Let x = p + -8. Suppose -4*d + 130 + 82 = 4*j, -2*j + 4*d + 124 = 0. What is the highest common factor of j and x?
14
Suppose 4*i = -4*o + 60, -4*i - 8 + 54 = 3*o. Let y = 33 + -19. Calculate the highest common divisor of y and o.
14
Suppose -2*x - 3*s = -291, 5*x + 3*s - 433 = 308. Calculate the highest common factor of x and 30.
30
Let f(k) = 3*k - 36. Let m be f(14). What is the greatest common divisor of m and 9?
3
Let l(s) = 3*s - 4*s - 3*s. Let i be l(-5). Suppose j - 2*t = 2*j - 22, 5*t = i. Calculate the greatest common divisor of j and 21.
7
Suppose 62 = 4*o - 46. Let k = 45 + o. What is the greatest common factor of 9 and k?
9
Let m be (2/(-4))/((-2)/52). Suppose 5*r - 5*o = 23 - 63, o = 2. Let w = m + r. What is the highest common factor of 28 and w?
7
Let i(d) = -d**3 + 5*d**2 + 15*d - 10. Let z be i(6). Calculate the highest common divisor of z and 11.
11
Let z(k) = -3 - 3 + 1 + 0*k - k**2 - 7*k. Let j be z(-5). What is the highest common factor of 40 and j?
5
Let q(b) = -b**2 + 12*b + 10. Suppose -x = -2*z + 20, 3*z - 6 = 2*x + 24. Let m = 0 + z. Let v be q(m). What is the highest common factor of v and 10?
10
Suppose 5*h = 5*z - 3*z + 115, 2*h + 4*z - 46 = 0. Suppose -12*y + 644 = -8*y. Calculate the greatest common divisor of h and y.
23
Suppose 0 = w + 8*y - 4*y - 3, 45 = 2*w - 5*y. What is the greatest common divisor of 30 and w?
15
Suppose -30 = -5*m + 15. Let h = 73 - -26. What is the highest common factor of m and h?
9
Suppose f = i + 2, 4*f + 2 = 3*f. Let o be ((-30)/i)/(1/2). What is the greatest common factor of 120 and o?
15
Let n be (-677)/90*-6 + 4/(-30). Calculate the greatest common divisor of 15 and n.
15
Suppose 185 = 4*l + 5*h - 2*h, 2*l - 3*h - 79 = 0. Calculate the greatest common divisor of l and 66.
22
Let a = 133 - 93. Calculate the highest common divisor of 16 and a.
8
Let p be (-1 - -2) + 5 + 2. Let s(n) = -n**2 + 8*n + 4. Let v be s(p). Suppose 6*i - v*i - 36 = 0. What is the greatest common factor of 27 and i?
9
Suppose -u + 48 = 13*o - 11*o, 3*u - 92 = -4*o. Let x(z) = 11*z**2 - z + 6. Let v be x(-5). What is the greatest common factor of o and v?
26
Suppose -503 + 139 = -13*g. Calculate the greatest common factor of 4 and g.
4
Let a = -10 + 15. Suppose 3*h = -12, -115 = -5*r + a*h + 185. What is the greatest common factor of r and 14?
14
Let n = 35 + -19. Calculate the greatest common divisor of n and 2.
2
Suppose 0 + 12 = -2*d. Let n be (d/(-9))/(2/51). Calculate the highest common divisor of n and 187.
17
Let w(b) = b**3 - b**2 - b - 1. Let k be w(3). Calculate the greatest common divisor of k and 14.
14
Suppose 2*z - 123 = -5*o + 27, 2*o = 8. What is the greatest common factor of z and 39?
13
Let g be (-1)/(-2) + (-1590)/(-12). Suppose -2*t = -4, 4*t = -6*z + z + g. What is the highest common factor of z and 5?
5
Suppose 0 = -t - 2*n + 10, 4 - 14 = -t - 3*n. Calculate the greatest common factor of 2 and t.
2
Let k(m) = 6*m**3 + m**2 - 2*m + 1. Let f be k(-2). Let h be 2/(-13) + (-513)/f. Calculate the greatest common divisor of 13 and h.
13
Let w(q) = 3*q - 36. Let h be w(15). Suppose -4*d - 288 = -5*b + b, -5*b + 4*d + 360 = 0. Calculate the highest common factor of h and b.
9
Let r(u) = u**2 + u + 6. Let z be ((-4)/(-12)*0)/(-2). Let k be r(z). What is the highest common divisor of 18 and k?
6
Let o(k) be the second derivative of -k**4/12 + k**3/2 + 2*k**2 + k. Let a be o(3). What is the greatest common factor of a and 36?
4
Suppose 3*l - 6*l = -15. Calculate the highest common factor of l and 45.
5
Suppose 10 = 5*c + 5*u, 0*c + u = 3*c + 6. Let m = -1 - c. Suppose 0 = -4*w + 2*g + 16, -3*w - g + 5*g + 7 = m. Calculate the highest common factor of 35 and w.
5
Let m = 15 + 55. Let i = 32 - 18. What is the highest common factor of i and m?
14